{"id":42519,"date":"2026-02-14T11:18:48","date_gmt":"2026-02-14T11:18:48","guid":{"rendered":"https:\/\/apisantos.com\/?post_type=product&#038;p=42519"},"modified":"2026-02-14T11:18:48","modified_gmt":"2026-02-14T11:18:48","slug":"sabonete-pedra-pomes-90g-ach-brito","status":"publish","type":"product","link":"https:\/\/apisantos.com\/en\/loja-online\/beeomel\/outros-beeomel\/sabonete-pedra-pomes-90g-ach-brito\/","title":{"rendered":"Sabonete PEDRA POMES 90g ACH BRITO"},"content":{"rendered":"<p>Sabonete de pedra pomes da ACH BRITO<\/p>\n<p>&nbsp;<\/p>\n<p>O sabonete Pedra Pomes, um dos mais antigos da Ach. Brito, \u00e9 esfoliante e especialmente indicado para calosidades. Com \u00f3leo de coco e p\u00f3 de pedra-pomes, combina frescura e aroma especiado.<\/p>\n<p>Fresco, Arom\u00e1tico, Especiado<br \/>\nNotas de topo: Cravinho, Hortel\u00e3<br \/>\nNotas de cora\u00e7\u00e3o: Cola<br \/>\nNotas de fundo: Alm\u00edscar, Fava Tonka<\/p>\n<p>Modo de utiliza\u00e7\u00e3o<br \/>\nIndicado para promover uma esfolia\u00e7\u00e3o suave da pele.<\/p>\n<p>Modo de Uso<br \/>\n1 Humedecer a pele com \u00e1gua.<br \/>\n2 Aplicar o sabonete at\u00e9 formar espuma.<br \/>\n3 Massajar delicadamente.<br \/>\n4 Enxaguar com \u00e1gua.<br \/>\n5 Secar suavemente com toalha macia.<\/p>\n<p>Cuidados com o seu sabonete<br \/>\nPara prolongar a vida \u00fatil do seu sabonete, guarde-o ap\u00f3s cada utiliza\u00e7\u00e3o num local fresco, seco e bem ventilado, longe da luz solar direta.<br \/>\nEsse cuidado simples preserva a textura e o aroma natural por muito mais tempo.<br \/>\nCom pequenos gestos como esse, voc\u00ea valoriza a qualidade do produto e transforma sua rotina de autocuidado em um momento ainda mais agrad\u00e1vel.<\/p>\n","protected":false},"excerpt":{"rendered":"<p>Sabonete de pedra pomes da ACH BRITO &nbsp; O sabonete Pedra Pomes, um dos mais antigos da Ach. Brito, \u00e9 esfoliante e especialmente indicado para calosidades. Com \u00f3leo de coco e p\u00f3 de pedra-pomes, combina frescura e aroma especiado. Fresco, Arom\u00e1tico, Especiado Notas de topo: Cravinho, Hortel\u00e3 Notas de cora\u00e7\u00e3o: Cola Notas de fundo: Alm\u00edscar,&hellip;<\/p>\n","protected":false},"featured_media":42514,"comment_status":"open","ping_status":"closed","template":"","meta":[],"product_brand":[],"product_cat":[216,237],"product_tag":[256,272],"class_list":{"0":"post-42519","1":"product","2":"type-product","3":"status-publish","4":"has-post-thumbnail","6":"product_cat-beeomel","7":"product_cat-outros-beeomel","8":"product_tag-apisantos","9":"product_tag-cosmetica","10":"description-off","12":"first","13":"instock","14":"taxable","15":"shipping-taxable","16":"purchasable","17":"product-type-simple"},"aioseo_notices":[],"_links":{"self":[{"href":"https:\/\/apisantos.com\/en\/wp-json\/wp\/v2\/product\/42519","targetHints":{"allow":["GET"]}}],"collection":[{"href":"https:\/\/apisantos.com\/en\/wp-json\/wp\/v2\/product"}],"about":[{"href":"https:\/\/apisantos.com\/en\/wp-json\/wp\/v2\/types\/product"}],"replies":[{"embeddable":true,"href":"https:\/\/apisantos.com\/en\/wp-json\/wp\/v2\/comments?post=42519"}],"wp:featuredmedia":[{"embeddable":true,"href":"https:\/\/apisantos.com\/en\/wp-json\/wp\/v2\/media\/42514"}],"wp:attachment":[{"href":"https:\/\/apisantos.com\/en\/wp-json\/wp\/v2\/media?parent=42519"}],"wp:term":[{"taxonomy":"product_brand","embeddable":true,"href":"https:\/\/apisantos.com\/en\/wp-json\/wp\/v2\/product_brand?post=42519"},{"taxonomy":"product_cat","embeddable":true,"href":"https:\/\/apisantos.com\/en\/wp-json\/wp\/v2\/product_cat?post=42519"},{"taxonomy":"product_tag","embeddable":true,"href":"https:\/\/apisantos.com\/en\/wp-json\/wp\/v2\/product_tag?post=42519"}],"curies":[{"name":"wp","href":"https:\/\/api.w.org\/{rel}","templated":true}]}}

<p>Sabonete de pedra pomes da ACH BRITO</p>
<p>&nbsp;</p>
<p>O sabonete Pedra Pomes, um dos mais antigos da Ach. Brito, é esfoliante e especialmente indicado para calosidades. Com óleo de coco e pó de pedra-pomes, combina frescura e aroma especiado.</p>
<p>Fresco, Aromático, Especiado<br />
Notas de topo: Cravinho, Hortelã<br />
Notas de coração: Cola<br />
Notas de fundo: Almíscar, Fava Tonka</p>
<p>Modo de utilização<br />
Indicado para promover uma esfoliação suave da pele.</p>
<p>Modo de Uso<br />
1 Humedecer a pele com água.<br />
2 Aplicar o sabonete até formar espuma.<br />
3 Massajar delicadamente.<br />
4 Enxaguar com água.<br />
5 Secar suavemente com toalha macia.</p>
<p>Cuidados com o seu sabonete<br />
Para prolongar a vida útil do seu sabonete, guarde-o após cada utilização num local fresco, seco e bem ventilado, longe da luz solar direta.<br />
Esse cuidado simples preserva a textura e o aroma natural por muito mais tempo.<br />
Com pequenos gestos como esse, você valoriza a qualidade do produto e transforma sua rotina de autocuidado em um momento ainda mais agradável.</p>

<p>Sabonete de pedra pomes da ACH BRITO &nbsp; O sabonete Pedra Pomes, um dos mais antigos da Ach. Brito, é esfoliante e especialmente indicado para calosidades. Com óleo de coco e pó de pedra-pomes, combina frescura e aroma especiado. Fresco, Aromático, Especiado Notas de topo: Cravinho, Hortelã Notas de coração: Cola Notas de fundo: Almíscar,&hellip;</p>
