{"id":42504,"date":"2026-02-14T11:10:40","date_gmt":"2026-02-14T11:10:40","guid":{"rendered":"https:\/\/apisantos.com\/?post_type=product&#038;p=42504"},"modified":"2026-02-14T11:10:40","modified_gmt":"2026-02-14T11:10:40","slug":"sabonete-aloe-vera-90g-ach-brito","status":"publish","type":"product","link":"https:\/\/apisantos.com\/en\/loja-online\/beeomel\/outros-beeomel\/sabonete-aloe-vera-90g-ach-brito\/","title":{"rendered":"Sabonete ALOE VERA 90g ACH BRITO"},"content":{"rendered":"<p>Sabonete de aloe vera da ACH BRITO<\/p>\n<p>&nbsp;<\/p>\n<p>O sabonete Alo\u00e9 Vera \u00e9 produzido com base de sab\u00e3o vegetal e enriquecido com alo\u00e9 vera, destacando-se pela sua fragr\u00e2ncia composta por alo\u00e9 e hortel\u00e3 selvagem.<\/p>\n<p>Notas de topo: Hortel\u00e3, Notas Marinhas<br \/>\nNotas de cora\u00e7\u00e3o: Aloe Vera, Flores Brancas<br \/>\nNotas de fundo: Alm\u00edscar, Amadeirado<\/p>\n<p>Modo de utiliza\u00e7\u00e3o<br \/>\nModo de Uso<br \/>\n1 Humedecer a pele com \u00e1gua.<br \/>\n2 Aplicar o sabonete at\u00e9 formar espuma.<br \/>\n3 Massajar delicadamente.<br \/>\n4 Enxaguar com \u00e1gua.<br \/>\n5 Secar suavemente com toalha macia.<\/p>\n<p>Cuidados com o seu sabonete<br \/>\nPara prolongar a vida \u00fatil do seu sabonete, guarde-o ap\u00f3s cada utiliza\u00e7\u00e3o num local fresco, seco e bem ventilado, longe da luz solar direta.<br \/>\nEsse cuidado simples preserva a textura e o aroma natural por muito mais tempo.<br \/>\nCom pequenos gestos como esse, voc\u00ea valoriza a qualidade do produto e transforma sua rotina de autocuidado em um momento ainda mais agrad\u00e1vel.<\/p>\n","protected":false},"excerpt":{"rendered":"<p>Sabonete de aloe vera da ACH BRITO &nbsp; O sabonete Alo\u00e9 Vera \u00e9 produzido com base de sab\u00e3o vegetal e enriquecido com alo\u00e9 vera, destacando-se pela sua fragr\u00e2ncia composta por alo\u00e9 e hortel\u00e3 selvagem. Notas de topo: Hortel\u00e3, Notas Marinhas Notas de cora\u00e7\u00e3o: Aloe Vera, Flores Brancas Notas de fundo: Alm\u00edscar, Amadeirado Modo de utiliza\u00e7\u00e3o&hellip;<\/p>\n","protected":false},"featured_media":42508,"comment_status":"open","ping_status":"closed","template":"","meta":[],"product_brand":[],"product_cat":[216,237],"product_tag":[256,272],"class_list":{"0":"post-42504","1":"product","2":"type-product","3":"status-publish","4":"has-post-thumbnail","6":"product_cat-beeomel","7":"product_cat-outros-beeomel","8":"product_tag-apisantos","9":"product_tag-cosmetica","10":"description-off","12":"first","13":"instock","14":"taxable","15":"shipping-taxable","16":"purchasable","17":"product-type-simple"},"aioseo_notices":[],"_links":{"self":[{"href":"https:\/\/apisantos.com\/en\/wp-json\/wp\/v2\/product\/42504","targetHints":{"allow":["GET"]}}],"collection":[{"href":"https:\/\/apisantos.com\/en\/wp-json\/wp\/v2\/product"}],"about":[{"href":"https:\/\/apisantos.com\/en\/wp-json\/wp\/v2\/types\/product"}],"replies":[{"embeddable":true,"href":"https:\/\/apisantos.com\/en\/wp-json\/wp\/v2\/comments?post=42504"}],"wp:featuredmedia":[{"embeddable":true,"href":"https:\/\/apisantos.com\/en\/wp-json\/wp\/v2\/media\/42508"}],"wp:attachment":[{"href":"https:\/\/apisantos.com\/en\/wp-json\/wp\/v2\/media?parent=42504"}],"wp:term":[{"taxonomy":"product_brand","embeddable":true,"href":"https:\/\/apisantos.com\/en\/wp-json\/wp\/v2\/product_brand?post=42504"},{"taxonomy":"product_cat","embeddable":true,"href":"https:\/\/apisantos.com\/en\/wp-json\/wp\/v2\/product_cat?post=42504"},{"taxonomy":"product_tag","embeddable":true,"href":"https:\/\/apisantos.com\/en\/wp-json\/wp\/v2\/product_tag?post=42504"}],"curies":[{"name":"wp","href":"https:\/\/api.w.org\/{rel}","templated":true}]}}

<p>Sabonete de aloe vera da ACH BRITO</p>
<p>&nbsp;</p>
<p>O sabonete Aloé Vera é produzido com base de sabão vegetal e enriquecido com aloé vera, destacando-se pela sua fragrância composta por aloé e hortelã selvagem.</p>
<p>Notas de topo: Hortelã, Notas Marinhas<br />
Notas de coração: Aloe Vera, Flores Brancas<br />
Notas de fundo: Almíscar, Amadeirado</p>
<p>Modo de utilização<br />
Modo de Uso<br />
1 Humedecer a pele com água.<br />
2 Aplicar o sabonete até formar espuma.<br />
3 Massajar delicadamente.<br />
4 Enxaguar com água.<br />
5 Secar suavemente com toalha macia.</p>
<p>Cuidados com o seu sabonete<br />
Para prolongar a vida útil do seu sabonete, guarde-o após cada utilização num local fresco, seco e bem ventilado, longe da luz solar direta.<br />
Esse cuidado simples preserva a textura e o aroma natural por muito mais tempo.<br />
Com pequenos gestos como esse, você valoriza a qualidade do produto e transforma sua rotina de autocuidado em um momento ainda mais agradável.</p>

<p>Sabonete de aloe vera da ACH BRITO &nbsp; O sabonete Aloé Vera é produzido com base de sabão vegetal e enriquecido com aloé vera, destacando-se pela sua fragrância composta por aloé e hortelã selvagem. Notas de topo: Hortelã, Notas Marinhas Notas de coração: Aloe Vera, Flores Brancas Notas de fundo: Almíscar, Amadeirado Modo de utilização&hellip;</p>
